7
List the prime factors of 29769.
3, 9923
What are the prime factors of 197?
197
List the prime factors of 4101.
3, 1367
List the prime factors of 788.
2, 197
What are the prime factors of 8142?
2, 3, 23, 59
List the prime factors of 17955.
3, 5, 7, 19
What are the prime factors of 976?
2, 61
What are the prime factors of 76194?
2, 3, 17, 83
What are the prime factors of 18754?
2, 9377
What are the prime factors of 1611?
3, 179
What are the prime factors of 2133?
3, 79
List the prime factors of 27579.
3, 29, 317
List the prime factors of 929.
929
List the prime factors of 7967.
31, 257
What are the prime factors of 4664?
2, 11, 53
List the prime factors of 9365.
5, 1873
List the prime factors of 25087.
25087
List the prime factors of 1775.
5, 71
What are the prime factors of 431?
431
List the prime factors of 7322.
2, 7, 523
What are the prime factors of 45979?
45979
What are the prime factors of 1248?
2, 3, 13
What are the prime factors of 5765?
5, 1153
List the prime factors of 355.
5, 71
List the prime factors of 17963.
11, 23, 71
List the prime factors of 2204.
2, 19, 29
List the prime factors of 1854.
2, 3, 103
What are the prime factors of 22612?
2, 5653
What are the prime factors of 164658?
2, 3, 13, 2111
List the prime factors of 13448.
2, 41
What are the prime factors of 41953?
41953
What are the prime factors of 6522?
2, 3, 1087
List the prime factors of 96970.
2, 5, 9697
List the prime factors of 124.
2, 31
List the prime factors of 1037.
17, 61
List the prime factors of 617.
617
What are the prime factors of 2840?
2, 5, 71
What are the prime factors of 26260?
2, 5, 13, 101
What are the prime factors of 14490?
2, 3, 5, 7, 23
What are the prime factors of 110066?
2, 11, 5003
List the prime factors of 52651.
37, 1423
List the prime factors of 820.
2, 5, 41
List the prime factors of 8401.
31, 271
What are the prime factors of 1407?
3, 7, 67
What are the prime factors of 27862?
2, 13931
List the prime factors of 1107.
3, 41
What are the prime factors of 3269?
7, 467
List the prime factors of 105688.
2, 11, 1201
List the prime factors of 2977.
13, 229
List the prime factors of 59001.
3, 71, 277
List the prime factors of 6131.
6131
List the prime factors of 16229.
16229
List the prime factors of 256.
2
List the prime factors of 92560.
2, 5, 13, 89
What are the prime factors of 73308?
2, 3, 41, 149
What are the prime factors of 10976?
2, 7
List the prime factors of 850.
2, 5, 17
List the prime factors of 10703.
7, 11, 139
What are the prime factors of 6997?
6997
What are the prime factors of 6532?
2, 23, 71
What are the prime factors of 9355?
5, 1871
List the prime factors of 18560.
2, 5, 29
List the prime factors of 26752.
2, 11, 19
List the prime factors of 82399.
17, 37, 131
What are the prime factors of 40595?
5, 23, 353
List the prime factors of 276.
2, 3, 23
List the prime factors of 30680.
2, 5, 13, 59
What are the prime factors of 4416?
2, 3, 23
List the prime factors of 7212.
2, 3, 601
What are the prime factors of 10108?
2, 7, 19
List the prime factors of 893.
19, 47
List the prime factors of 3255.
3, 5, 7, 31
What are the prime factors of 1686?
2, 3, 281
What are the prime factors of 39199?
39199
What are the prime factors of 1992?
2, 3, 83
List the prime factors of 111844.
2, 27961
What are the prime factors of 67109?
7, 9587
List the prime factors of 22425.
3, 5, 13, 23
List the prime factors of 182166.
2, 3, 97, 313
List the prime factors of 89606.
2, 11, 4073
What are the prime factors of 1618?
2, 809
List the prime factors of 45144.
2, 3, 11, 19
What are the prime factors of 57376?
2, 11, 163
List the prime factors of 203.
7, 29
List the prime factors of 30973.
47, 659
What are the prime factors of 77327?
53, 1459
What are the prime factors of 1943?
29, 67
What are the prime factors of 58140?
2, 3, 5, 17, 19
What are the prime factors of 2048?
2
What are the prime factors of 453?
3, 151
List the prime factors of 531.
3, 59
What are the prime factors of 88339?
88339
What are the prime factors of 3476?
2, 11, 79
What are the prime factors of 976?
2, 61
What are the prime factors of 18516?
2, 3, 1543
What are the prime factors of 10551?
3, 3517
What are the prime factors of 23015?
5, 4603
List the prime factors of 996.
2, 3, 83
List the prime factors of 29316.
2, 3, 7, 349
List the prime factors of 3765.
3, 5, 251
What are the prime factors of 1325?
5, 53
What are the prime factors of 11439?
3, 31, 41
List the prime factors of 1937.
13, 149
List the prime factors of 44915.
5, 13, 691
What are the prime factors of 6136?
2, 13, 59
List the prime factors of 295.
5, 59
What are the prime factors of 4772?
2, 1193
What are the prime factors of 5068?
2, 7, 181
List the prime factors of 26760.
2, 3, 5, 223
List the prime factors of 1594.
2, 797
What are the prime factors of 3474?
2, 3, 193
What are the prime factors of 4756?
2, 29, 41
What are the prime factors of 96822?
2, 3, 11, 163
List the prime factors of 1451.
1451
List the prime factors of 26497.
26497
What are the prime factors of 41442?
2, 3, 6907
List the prime factors of 35312.
2, 2207
List the prime factors of 12739.
12739
List the prime factors of 27343.
37, 739
List the prime factors of 5934.
2, 3, 23, 43
List the prime factors of 22582.
2, 7, 1613
List the prime factors of 7731.
3, 859
List the prime factors of 4949.
7, 101
List the prime factors of 2693.
2693
What are the prime factors of 863?
863
List the prime factors of 1272.
2, 3, 53
List the prime factors of 164054.
2, 11, 7457
What are the prime factors of 7185?
3, 5, 479
What are the prime factors of 3813?
3, 31, 41
What are the prime factors of 2326?
2, 1163
List the prime factors of 84.
2, 3, 7
List the prime factors of 1909.
23, 83
List the prime factors of 536.
2, 67
List the prime factors of 1841.
7, 263
What are the prime factors of 58737?
3, 7, 2797
What are the prime factors of 66063?
3, 19, 61
What are the prime factors of 30547?
11, 2777
List the prime factors of 4526.
2, 31, 73
List the prime factors of 2365.
5, 11, 43
What are the prime factors of 1497?
3, 499
What are the prime factors of 70162?
2, 35081
What are the prime factors of 157?
157
What are the prime factors of 1744?
2, 109
List the prime factors of 12619.
12619
List the prime factors of 57324.
2, 3, 17, 281
List the prime factors of 407.
11, 37
What are the prime factors of 10?
2, 5
What are the prime factors of 12225?
3, 5, 163
What are the prime factors of 79802?
2, 39901
List the prime factors of 1160.
2, 5, 29
List the prime factors of 1454.
2, 727
List the prime factors of 1285.
5, 257
What are the prime factors of 33896?
2, 19, 223
What are the prime factors of 1127?
7, 23
What are the prime factors of 2675?
5, 107
List the prime factors of 29343.
3, 9781
List the prime factors of 140019.
3, 11, 4243
What are the prime factors of 65896?
2, 8237
What are the prime factors of 2850?
2, 3, 5, 19
What are the prime factors of 65724?
2, 3, 5477
List the prime factors of 1819.
17, 107
List the prime factors of 167461.
7, 47, 509
List the prime factors of 64120.
2, 5, 7, 229
List the prime factors of 5.
5
What are the prime factors of 3850?
2, 5, 7, 11
List the prime factors of 8309.
7, 1187
List the prime factors of 26146.
2, 17, 769
List the prime factors of 67125.
3, 5, 179
What are the prime factors of 1793?
11, 163
What are the prime factors of 23435?
5, 43, 109
What are the prime factors of 5388?
2, 3, 449
What are the prime factors of 45028?
2, 11257
List the prime factors of 5598.
2, 3, 311
What are the prime factors of 3092?
2, 773
List the prime factors of 41030.
2, 5, 11, 373
List the prime factors of 2542.
2, 31, 41
What are the prime factors of 8226?
2, 3, 457
List the prime factors of 12662.
2, 13, 487
List the prime factors of 1678.
2, 839
What are the prime factors of 2438?
2, 23, 53
What are the prime factors of 11706?
2, 3, 1951
List the prime factors of 78118.
2, 139, 281
List the prime factors of 118714.
2, 59357
List the prime factors of 10493.
7, 1499
What are the prime factors of 518?
2, 7, 37
What are the prime factors of 12069?
3, 149
What are the prime factors of 1434?
2, 3, 239
What are the prime factors of 1133?
11, 103
What are the prime factors of 1422?
2, 3, 79
List the prime factors of 25657.
25657
Lis